of -v**3/3 + 7*v**2/2 + 8*v - 14. Determine n(r).
0
Let h(s) = -s**2 - 5*s - 16. Let f be 9*(-41 - -35)*(-2)/(-18). Determine h(f).
-22
Suppose 4*z = 2*t + 6, -43*t + 39*t = z - 6. Let y(x) = x**2 - 3*x - 1. Let b(h) = -2*h**2 + 6*h + 3. Let l(q) = -3*b(q) - 7*y(q). Give l(z).
0
Let u(v) = 331*v + 656. Let j be u(-2). Let b(i) = -21*i - 125. Calculate b(j).
1
Let n(q) = 71*q - 637. Let a be n(9). Let y(f) = f. Calculate y(a).
2
Let m(s) = -9*s**3 + 12*s**2 + 1. Let g(k) = -6*k**3 + k**2 - 3*k. Let j(z) = -2*g(z) + m(z). Determine j(-3).
-8
Let i(j) be the second derivative of j**3/6 - 26*j**2 + 1780*j - 2. Give i(17).
-35
Let r(l) = -l - 5. Let c = -11 - -39. Let o = c + -18. Suppose 9*p = o*p. Calculate r(p).
-5
Let k(q) = 6 - q - 3 + 2. Let p(r) = 2*r**2 + 21*r + 21. Let g be p(-9). Let t be (20/g)/((-4)/12). Determine k(t).
-5
Let t(v) be the second derivative of -v**4/12 - 7*v**3/6 - 14*v**2 - 4*v - 617. What is t(-7)?
-28
Let r = 13 - 9. Suppose 0 = r*l - l. Let x(y) = -5 + 169*y**2 + 173*y**2 - 509*y**2 + 166*y**2. Calculate x(l).
-5
Let t(v) = -v**3 + 4*v**2 - v. Let j be t(4). Let m = -315 - -311. Let y(f) = -5*f + 7. Let q(w) = 18*w - 27. Let x(a) = m*q(a) - 15*y(a). Calculate x(j).
-9
Let b(z) = -105*z + 4*z**2 + 73 - 12 - 10 - 31. Give b(26).
-6
Let h(t) = 3*t**2 - 21*t + 24. Let y be h(6). Suppose 2*n - 4 = 3*m, -4*m + 12 = -n - y*m. Let o(k) = 4 - k - 5 - 6. Calculate o(n).
-3
Suppose 112*v = 124*v - 156024. Let m(t) = 1 - v*t**2 - 2 + 12995*t**2. Give m(1).
-8
Let z(d) = -d**2 + 4*d + 1. Let r be 2/(-9) + 5/(45/677). Let k = r - 68. Suppose -3*j - 5*a = k, a - 39 = -4*j + 4*a. Determine z(j).
-11
Suppose -11*i - 448 = 21*i. Let x be 2 - 1 - i/(-2). Let r(v) = -v**3 - 7*v**2 - 3*v + 3. Calculate r(x).
-15
Let s(l) = l**2 - 4*l - 5. Let h(b) = 2*b**2 - 8*b - 10. Let w(k) = 6*h(k) - 11*s(k). Suppose -t = 3*m, -5*t - 486 = -4*m - 410. Calculate w(m).
-5
Suppose -3*q - 4*i + 22 = 0, -5*q = -4*q + 5*i. Suppose -9*p + 37 - q = 0. Suppose p*f + 7 + 2 = 0. Let o(m) = m**3 + 3*m**2 + 3*m + 3. Calculate o(f).
-6
Suppose 8*j + 341 = 365. Suppose -7 = j*y + 5*m, 3*y = -m - 8 - 3. Let d(z) = 1 + 1 - 1 + 3*z. Calculate d(y).
-11
Let w(y) = -y - 11. Let q = -20 - 254. Let l = q - -264. Give w(l).
-1
Let c(l) = -2*l**3 + 1 + l - 4*l**2 - 4*l**3 - 4*l**3 - 3*l**2 + 9*l**3. Suppose 0 = -a - 2*a - 5*u - 37, -u - 25 = 5*a. Let j be -5 - a*(-1)/2. Determine c(j).
-6
Suppose -30*q - 3*j = -32*q - 39, -3*j + 57 = -4*q. Let p(c) = c**3 + 10*c**2 + 9*c - 16. What is p(q)?
-16
Let r(c) = -c**3 - 4*c**2 + 3. Let t be r(-3). Let w(k) be the first derivative of 4*k + 1/2*k**2 - 2. Determine w(t).
-2
Suppose b + 7 + 3 = 0. Let l(f) = -71*f - 7. Let q(w) = -461*w - 43. Let r(x) = 13*l(x) - 2*q(x). Determine r(b).
5
Let a(x) = -2*x**2 + 66*x - 11. Let c(i) = -i**2 + 48*i - 12. Let o(v) = -4*a(v) + 5*c(v). Calculate o(11).
83
Let c(i) be the first derivative of -25*i**2/2 - 12*i - 1045. Determine c(6).
-162
Let a(i) = 3*i**2 + 9*i + 10. Let x be a(-5). Suppose 5*b - x - 81 = -3*j, 3*j + 4*b = 119. Let k(u) = 31*u - j*u + 20*u. Determine k(2).
28
Let h(f) = f**2 - 14*f - 14. Let a be h(16). Suppose -a*c + 63 = -25*c. Let v(s) = 2*s - 8. Determine v(c).
-26
Suppose -3*t - 5 = h, -h - h = 5*t + 10. Let o(s) = 2*s**2 - 3*s - 9. Let d(a) = a**2 - a - 4. Let r(i) = -5*d(i) + 2*o(i). Determine r(t).
2
Let t be 16*1*((-275)/50)/(-11). Let i(q) = -q**2 + 8*q - 4. What is i(t)?
-4
Let y(q) = 2*q + 6. Let c(j) = 32*j + 92. Let d(z) = -c(z) + 13*y(z). Give d(0).
-14
Let z(n) = -13 + 66 - 27 - 13 - 14 - 36*n. Suppose -98 + 97 = -b. Give z(b).
-37
Suppose -2*q + 3*q + 7 = 2*i, 2*i - 4*q - 4 = 0. Let b be 2 - 33/12 - 162/(-216). Let s(f) = -f + i + b*f**2 + 2*f**2 - 3*f**2 + f**3. Calculate s(3).
19
Let l be (-20)/3*(2 - (-7)/(-2)). Let m be (-10)/(l/(-3)) + -1. Let b(z) = 2*z. Determine b(m).
4
Let f(l) = 2*l**3 - 10*l**2 - 9*l + 13. Let u(w) = w**3 - 4*w**2 - 4*w + 6. Let y be (12/(-9))/(-4) - (-39)/(-9). Let k(t) = y*f(t) + 9*u(t). Give k(-5).
-23
Let y(l) = -27 + 13*l**2 - 106*l**3 + 13*l + 107*l**3 - 3*l. Let f be y(-12). Let s(r) = -4*r - 3. What is s(f)?
9
Let g(h) = 3*h - 6. Let k(n) = -5404*n**3 + 19*n + 5405*n**3 + 19*n - 20*n**2 - 31. Let i be k(18). Calculate g(i).
9
Let v(f) = 99 - 8*f + 13*f + 140 - 9*f - 306. Determine v(-14).
-11
Let f be 54/(-36) - 4/(-10)*225/20. Let s(q) = q**3 - 5*q**2 + 4*q. Give s(f).
-6
Let k(i) be the third derivative of i**6/120 - i**5/10 - i**4/24 - 7*i**3/6 + 11*i**2. Let y(c) = -9*c - 66. Let h be y(-8). Give k(h).
-13
Let i(j) be the second derivative of -j**7/840 + j**6/45 + 3*j**5/40 - 46*j**3/3 - 15*j + 3. Let m(l) be the second derivative of i(l). What is m(9)?
0
Let r(p) = -p**2 + 6*p - 13. Let t(k) = 5*k + 211*k**2 - 212*k**2 + 0*k - 14. Let l(f) = -4*r(f) + 5*t(f). Give l(0).
-18
Let n(a) = -a**3 - 12*a**2 - 3*a - 23. Suppose -12*c - 256 + 64 = 4*c. Calculate n(c).
13
Let z(v) be the third derivative of v**6/120 + 7*v**5/60 + v**3/3 + v**2. Suppose -19*b + 15*b = 3*x - 19, -x + 33 = 4*b. Calculate z(x).
2
Let n(a) be the first derivative of -a**3/3 + 7*a**2/2 - 7*a - 2898. Give n(6).
-1
Let y(s) be the first derivative of -36*s + 1/4*s**4 - 5/3*s**3 - 1/2*s**2 - 128. Give y(6).
-6
Suppose -4*u + 0*n = 2*n - 14, 2*n = 3*u - 28. Let d be 2/3*u/4. Let o(c) = 18*c - 13. Let a(q) = -615*q + 442. Let t(i) = -a(i) - 34*o(i). Calculate t(d).
3
Let h(c) = 23*c - 115. Let k be h(5). Suppose k*d - 13*d = 39. Let v(b) = -b**2 - b - 1. Determine v(d).
-7
Let w(o) = 217*o + 867. Let g(k) = -2*k**2 + 197*k - 1615. Let l be g(9). Give w(l).
-1
Let y(u) = 2*u**2 - 4*u - 3. Let o(z) = 21*z + 72. Let k be o(3). Suppose 0 = 26*r + r - k. Determine y(r).
27
Let p(i) = 3*i**2 - 38 + 46 - 2*i**2 - 31 + 26. Give p(2).
7
Let k(f) = 122 + 3*f + 38 - 27*f + 5. What is k(6)?
21
Let v(r) = r + 3. Let d be v(0). Let f(j) = 4 - j + 5 + d*j. Let y = -1318 + 1311. Determine f(y).
-5
Let v(a) = -a - 1. Suppose g - 4 + 11 = 3*y, 0 = 2*g - 5*y + 13. Let h = 18 + -9. Let j be (1/g)/(h/36). Determine v(j).
0
Let t(o) be the second derivative of -o**8/6720 - o**6/720 + o**5/120 - 8*o**4 - o + 6. Let f(q) be the third derivative of t(q). Determine f(-2).
11
Let w(z) = -2*z + 10. Suppose 0 = -3*x - 3*m + 18 + 12, 3*m = -x + 18. Calculate w(x).
-2
Let f(d) = d**2 - 10*d + 7. Let t(z) = -2*z**2 + 31*z - 76. Let s be t(12). Determine f(s).
-9
Let f = 45 - 42. Let x(n) = 1 + 24*n + n**f - 4*n**2 - 28*n + 1. What is x(5)?
7
Let m(n) = -n**3 - 4*n**2 + 2*n + 3. Suppose s = -2*j + 103, 6*s + j = 4*s + 209. Let r = s + -107. What is m(r)?
-9
Suppose -5*w - 2*z - 21 = -33, 2*w = 5*z - 1. Let r(g) = -4*g + 15*g**2 - 5*g**w + 11*g - 9*g**2. What is r(-6)?
-6
Let x be (-10)/20*-10*12/10. Suppose x*t + 14 = 38. Let o(s) = s**3 - 3*s**2 - 3*s - 4. What is o(t)?
0
Suppose -10*q - 1 = -11*q. Let m(h) = -3*h - 10. Let u(j) = 5*j + 16. Let b(l) = -8*m(l) - 5*u(l). Calculate b(q).
-1
Let z(p) be the third derivative of -p**4/24 + 11*p**3/6 + 4339*p**2. Determine z(0).
11
Let v(y) = -5*y**2 - y + 1. Let a(i) = -4*i**2 - i. Let f(m) = 3*a(m) - 2*v(m). Suppose 0 = 23*q - 94 - 113. Suppose -33 = -q*k - 15. Give f(k).
-12
Suppose x - 158 = -2*h + 157, x - 310 = -3*h. Suppose -a = -4*n + 269, -x = -5*n + 2*a - 3*a. Let o = -72 + n. Let u(r) = -r**2 - 5*r + 8. Give u(o).
2
Let z(b) = b**3 - 3*b**2 - 1. Let d be z(3). Let r = 86 + -83. Let v(w) = 2*w**2 + r - 10 - 2 + 8. Calculate v(d).
1
Let t(b) = 564*b + 1 - 11 - 567*b. Determine t(-7).
11
Suppose -5*m = -5*h + 25, 41 = -5*m + 4*h + 15. Let n(x) be the third derivative of -x**4/6 + x**3 - 9*x**2. Give n(m).
30
Let b(t) = 6*t + 26. Let p(k) = -23. Let a(l) = 3*b(l) + 4*p(l). What is a(7)?
112
Let j(v) = -v**2 + 5*v + 2. Let z be 4*(-1*(4 - 2))/4. Let s(c) be the second derivative of c**3/6 + 4*c**2 + 3*c. Let r be s(z). What is j(r)?
-4
Let l(s) = s**2 + 7*s + 14. Let m = 1457 - 1464. Give l(m).
14
Let c(p) be the first derivative of p**4/4 - 11*p**3/3 + 17*p**2/2 - p + 2201. Calculate c(9).
-10
Let w be ((-99)/(-33))/((117/(-21))/(-13)). Let l(r) = 9*r + r**3 - 8*r**2 - 5*r - 1 + 3*r - 8. Determine l(w).
-9
Let a(b) = -6*b + b**2 + 3*b - 2*b - 5 + 0*b. Let h be a(7). Let z(s) = -6 + 2820*s + 2812*s - 5631*s. Calculate z(h).
3
Let y be